, what is 11 - 202201?
-202120
In base 6, what is -5 - 3315?
-3324
In base 15, what is ad - 5?
a8
In base 11, what is 1 - 16?
-15
In base 12, what is -2 - 156?
-158
In base 4, what is -2 + -20012?
-20020
In base 8, what is 0 - -22?
22
In base 7, what is 21 - -1002?
1023
In base 15, what is -489e - 3?
-48a2
In base 9, what is 517 - 8?
508
In base 9, what is -40 - 22?
-62
In base 2, what is -101110 - 1?
-101111
In base 10, what is -112 - 50?
-162
In base 6, what is -12134 - -4?
-12130
In base 5, what is 110 - -111?
221
In base 11, what is 6 - -23?
29
In base 6, what is -4 + -201?
-205
In base 7, what is 12 + 135?
150
In base 4, what is 0 - 1030032?
-1030032
In base 10, what is -4 + 507?
503
In base 16, what is -5 + -5?
-a
In base 8, what is 7 + 36?
45
In base 13, what is 12 - -26?
38
In base 9, what is 133 - 16?
116
In base 14, what is 1 + 493?
494
In base 5, what is -10 - -21443?
21433
In base 13, what is 11 + -15?
-4
In base 12, what is -5 - -307?
302
In base 15, what is -1de + 0?
-1de
In base 2, what is 11110000 + 11?
11110011
In base 11, what is -5 - 684?
-689
In base 12, what is -529 + -4?
-531
In base 9, what is -2 - 5?
-7
In base 3, what is 10 - -1022?
1102
In base 9, what is 245 + -47?
187
In base 15, what is -1b19 - -5?
-1b14
In base 5, what is 2 + 11?
13
In base 4, what is -22 - -11?
-11
In base 13, what is -4 + 5a3?
59c
In base 11, what is -138 - -4?
-134
In base 4, what is -10130 - -11?
-10113
In base 12, what is 493 + 4?
497
In base 7, what is 1 - -12241?
12242
In base 10, what is -320 - -6?
-314
In base 6, what is -1 - 122?
-123
In base 15, what is -1c28 + 3?
-1c25
In base 4, what is -2122 + 21?
-2101
In base 3, what is 11 + 22?
110
In base 13, what is 4 - 20?
-19
In base 5, what is 4 + -143?
-134
In base 9, what is 0 - -47?
47
In base 11, what is -30 - -559?
529
In base 8, what is 16435 + 2?
16437
In base 13, what is 7 - -34a?
354
In base 2, what is -1001 - -1100100011?
1100011010
In base 14, what is -2 + -7a0?
-7a2
In base 16, what is 4 + -ac?
-a8
In base 15, what is -1 - 2e?
-30
In base 6, what is 1223 + 5?
1232
In base 14, what is -26 + -c?
-34
In base 9, what is 3 + -153?
-150
In base 7, what is 16 - 3?
13
In base 5, what is -3124 + -3?
-3132
In base 13, what is 66 + -16?
50
In base 4, what is 3 - -10310?
10313
In base 4, what is -10 + -1321?
-1331
In base 15, what is 292 - 5?
28c
In base 5, what is 112 - 30?
32
In base 2, what is -10011000100 - -1?
-10011000011
In base 13, what is 3 + c2?
c5
In base 5, what is -10 - 1?
-11
In base 6, what is 2 - -5431?
5433
In base 4, what is 1002100 + -1?
1002033
In base 2, what is 1001101011 - 1?
1001101010
In base 15, what is 54d + -3?
54a
In base 3, what is -10 - -10?
0
In base 10, what is 8 + 1705?
1713
In base 2, what is 100 - 10000101101?
-10000101001
In base 6, what is 2 - 203?
-201
In base 9, what is 145 + -50?
85
In base 8, what is -123 - 0?
-123
In base 13, what is 1 + 3?
4
In base 9, what is -3 - -46?
43
In base 15, what is 14 - -65?
79
In base 12, what is -5 - -b9?
b4
In base 7, what is 240 + 3?
243
In base 10, what is -36 - 14?
-50
In base 3, what is -11 + -20020020?
-20020101
In base 13, what is 41ab + 5?
41b3
In base 8, what is -1 + -741?
-742
In base 14, what is 368 - -14?
37c
In base 4, what is 11 - 11301?
-11230
In base 3, what is 120112 + 1?
120120
In base 14, what is -2 + 1bc?
1ba
In base 11, what is 3 - -117?
11a
In base 2, what is -101000 + 11000?
-10000
In base 14, what is -14 + -19d?
-1b3
In base 9, what is 8 - 23?
-14
In base 2, what is 10 + 11110?
100000
In base 10, what is 19 + -106?
-87
In base 11, what is 4 - -a9?
102
In base 10, what is 1057 - 1?
1056
In base 5, what is 20314 - -1?
20320
In base 8, what is 737 + 7?
746
In base 12, what is 177 - 7?
170
In base 5, what is 0 - 3332?
-3332
In base 14, what is -2a - 4?
-30
In base 3, what is -101102 - 11?
-101120
In base 15, what is -12d - 0?
-12d
In base 2, what is 111001100 - 100?
111001000
In base 15, what is -29 + 2?
-27
In base 16, what is -11f - -21?
-fe
In base 16, what is 3 - -39?
3c
In base 12, what is -5 + -3bb?
-404
In base 5, what is -11 - -42?
31
In base 5, what is 2310 + 2?
2312
In base 5, what is 1242 - 10?
1232
In base 6, what is 23 + -4450?
-4423
In base 4, what is -12232 + -2?
-12300
In base 4, what is 2 - -10301?
10303
In base 6, what is 1442 + 2?
1444
In base 7, what is -14303 - -2?
-14301
In base 3, what is -12 - 1210201?
-1210220
In base 16, what is 3515 - 4?
3511
In base 8, what is 175 + -2?
173
In base 12, what is 12 - -124?
136
In base 16, what is -b - -6?
-5
In base 9, what is -25710 - -4?
-25705
In base 16, what is 3 + -151?
-14e
In base 4, what is 10 - -222?
232
In base 12, what is -6 - -1279?
1273
In base 4, what is -10 - -1310?
1300
In base 10, what is -61 + 1?
-60
In base 13, what is 5 + -175?
-170
In base 12, what is -5a - 1?
-5b
In base 14, what is -3 + -20cb?
-20d0
In base 6, what is 50 - 5232?
-5142
In base 16, what is 1e7 + -2?
1e5
In base 2, what is 1011 + 1001110101?
1010000000
In base 8, what is 200 + -11?
167
In base 5, what is -1012033 + -4?
-1012042
In base 11, what is 7 - 18?
-11
In base 10, what is 33 + -2?
31
In base 3, what is 1102112112 + 12?
1102112201
In base 16, what is -12b - 3?
-12e
In base 8, what is -4 - 63?
-67
In base 4, what is 3 - -10?
13
In base 13, what is 5 - -3b?
43
In base 11, what is -3 + 18?
15
In base 5, what is 0 + 220?
220
In base 4, what is 1300 + 3?
1303
In base 8, what is 44 + -102?
-36
In base 2, what is 1101001000001 - 101?
1101000111100
In base 15, what is d8a + 5?
d90
In base 2, what is 10101 + -110101?
-100000
In base 8, what is 260 + 5?
265
In base 4, what is 3 + 12213?
12222
In base 4, what is -12302 - 111?
-13013
In base 3, what is -110 + -20?
-200
In base 16, what is 2c0 + -2?
2be
In base 13, what is -17 - -6?
-11
In base 4, what is 11 - -13?
30
In base 6, what is -1 + -45?
-50
In base 11, what is 40 + 3?
43
In base 12, what is -149 + -36?
-183
In base 5, what is 224 + -2?
222
In base 13, what is -b0 + 1?
-ac
In base 9, what is -71 + 21?
-50
In base 3, what is 12 - -1012?
1101
In base 10, what is -525 - 20?
-545
In base 13, what is 9 - 38?
-2c
In base 15, what is 5965 + 3?
5968
In base 16, what is -1 - 530?
-531
In base 12, what is 2 + 13?
15
In base 11, what is -42 + -2?
-44
In base 13, what is 5 + -4c4?
-4bc
In base 4, what is -31 + -102?
-133
In base 3, what is -21200 + -10?
-21210
In base 16, what is -3 - 7f2?
-7f5
In base 10, what is -8 + 1161?
1153
In base 15, what is d + -37?
-29
In base 15, what is 3 - 6d?
-6a
In base 16, what is f5c - 5?
f57
In base 12, what is -2 - 131?
-133
In base 14, what is 14 + 31?
45
In base 13, what is 7 + -b?
-4
In base 7, what is 22 + 3013?
3035
In base 3, what is 111021 - -1112?
112210
In base 10, what is -73035 - 4?
-73039
In base 7, what is 466 - -4?
503
In base 4, what is 101 + 10122?
10223
In base 11, what is 37 + 4?
40
In base 5, what is -3 + 1043?
1040
In base 13, what is 3b5 + 1a?
402
In base 14, what is 68 - -1?
69
In base 8, what is 1542 + 1?
1543
In base 6, what is -1534 - -12?
-1522
In base 3, what is 10 + 1110?
1120
In base 4, what is 202 - 0?
202
In base 4, what is -23 + -22?
-111
In base 2, what is 10100100011 - 1111?
10100010100
In base 3, what is -12110 - 20?
-12200
In base 11, what is -2725 - 1?
-2726
In base 7, what is 4 + 3445?
3452
In base 10, what is 6 - -2811?
2817
In base 14, what is 5 + 85?
8a
In base 16, what is -4be + 0?
-4be
In base 9, what is 336 - 1?
335
In base 9, what is -3 + -60?
-63
In base 16, what is 5 - e45?
-e40
In base 11, what is 1244 + 5?
1249
In base 15, what is 0 - 1c5?
-1c5
In base 13, what is -2b8a + 3?
-2b87
In base 8, what is -16 + -4?
-22
In base 12, what is -2898 - 5?
-28a1
In base 4, what is -11 - 311323?
-312000
In base 16, what is 229 - -5?
22e
In base 5, what is 4 - -131?
140
In base 8, what is -33 + 4?
-27
In base 7, what is -36 + 14?
-22
In base 4, what is -1 + -332011?
-332012
In base 10, what is -2 + 295?
293
In base 14, what is -4 + d19?
d15
In base 13, what is -5a + 2?
-58
In base 2, what is -10 - 1001100?
-1001110
In base 8, what is 132 - 225?
-73
In base 8, what is 70 - -31?
121
In base 11, what is -712 + 2?
-710
In base 8, what is -2 - 215?
-217
In base 14, what is 114 - 1?
113
In base 11, what is -71 - -1?
-70
In base 10, what is -5 - -